d**2/2 + 2. Is x(w) a composite number?
True
Suppose -i + 0*f + 8 = -f, -3*i + 16 = -f. Suppose i*u - 6983 - 7097 = 0. Suppose -4*y + 3867 = -5*s + 315, -3*s + u = 4*y. Is y a prime number?
True
Let h(c) = 10*c**2 - 31*c + 24. Let k be h(-8). Suppose 5*v - 371 = -2*z + 364, 0 = 5*v - 2*z - 735. Let j = k + v. Is j composite?
True
Let z = 689 + -330. Suppose -z = 12*d - 4043. Is d a prime number?
True
Suppose -3*a = -y - 5, -5*a = 2*y + 11 - 1. Suppose -d + o + 5075 = a, o + 368 = 4*d - 19938. Is d a composite number?
False
Is -1 - 0 - -8 - (9 - 204463) prime?
True
Let n = 2318 + 9603. Suppose 5*k + 2*k = n. Is k composite?
True
Let z be ((-37)/(-4))/(9/(-2727))*-12. Suppose -5*n + z - 9098 = 0. Suppose -s - s = h - n, 3*s = -2*h + 9814. Is h a prime number?
False
Let y(v) = 4*v**3 - 9*v**2 - 2*v + 55. Let j be y(5). Is (-8)/(j/(-30))*(-75688)/(-3) a prime number?
False
Let v be 2/8 - -3*(-12092)/16. Let y = v + 1479. Let p = y - -3181. Is p prime?
True
Let o(t) = -3*t**3 - 45*t**2 + 25*t + 3. Let h(b) = -2*b**3 - 22*b**2 + 12*b + 1. Let s(j) = 5*h(j) - 3*o(j). Let d = -14 - -31. Is s(d) prime?
True
Let j = -993 - -1819. Suppose -4*g = -2*w + j, -2*w + 200 = -2*g - 218. Let u = g - -427. Is u composite?
False
Suppose k - 8 = 5*v, v - 4*k + 17 = -4*v. Let g(d) be the third derivative of 8*d**5 + d**4/12 + d**3/6 + 421*d**2. Is g(v) a prime number?
True
Let d = 49 + -69. Is -1*(d/60)/((-2)/(-34494)) a composite number?
False
Let h(c) = -33*c - 178*c + 0 + 6 - 4. Is h(-11) prime?
False
Let r = 237596 - 164090. Suppose -3*c = 12303 - r. Is c prime?
False
Let r be 4 - -3 - 5 - (68 + -1). Let y be 244*(-1 - 2/4). Let s = r - y. Is s composite?
True
Let l(q) = -17*q - 152. Let h be l(-10). Let r(c) = 549*c - 44. Is r(h) prime?
False
Suppose -5*x + 595019 = -9*x + 5*t, -446303 = 3*x + 4*t. Is 9/(-6) + x/(-18) composite?
False
Let k = 2302 - 2305. Let v be (0 - 4)*(-1005)/20. Is (v/1)/k*-1 composite?
False
Let m(a) = 17626*a - 801. Is m(8) a prime number?
True
Suppose -166*h - 14*h - 2*h + 23084698 = 0. Is h a composite number?
False
Suppose -4*a - 2*x + 6 = 0, -6*a + 5*x + 3 = -7*a. Suppose 3919 = 2*c + n, a*c = n + 4*n + 3937. Is c prime?
False
Suppose 0 = -c - 4, 0 = 12*b - 13*b + 3*c + 16. Suppose -5 + 0 = 5*a + 3*w, 0 = -4*a - 4*w - 12. Let i = b - a. Is i composite?
False
Let w be 1/(-2) - (-994)/(-28). Let r = -39 - w. Is (24/14)/r + (-46509)/(-259) composite?
False
Let b(v) = 4*v + 10. Let g be b(-2). Suppose 553 + 447 = -g*h. Let n = 703 + h. Is n composite?
True
Let z(m) = -90*m**3 + 8*m**2 + 6*m - 7. Let k be z(-5). Let r(y) = 1181*y + 365. Let n be r(-7). Let t = n + k. Is t composite?
False
Let t(m) = 9*m - 11. Let y be t(4). Suppose y*z - 22*z = 13713. Suppose -z = -4*f + 873. Is f prime?
True
Let k(b) = 5*b - 22. Let i be k(9). Suppose 25 = 8*r - i. Suppose r*p - 2600 = 2506. Is p a composite number?
True
Suppose -4*h + 5 = -3*h. Suppose l - 5 = h*b, 5*b = 2*l - 0*l - 5. Suppose -4*k - 5*f + 232 = l, f - 4 = -0. Is k a prime number?
True
Let c = 366 - 362. Let d(a) = a**2 + 3*a - 4*a**2 + 5*a**2 + 11. Is d(c) a prime number?
False
Let n be ((-176)/(-33))/(-8) - (-20191)/(-3). Let w = n - -13152. Is w prime?
True
Let c(z) = 15*z - 6. Let q be c(1). Let u be ((-28)/42)/((-2)/q). Is (-2554)/u*(-24)/16 composite?
False
Let x(o) = -89*o - 3 - 1 + 7. Let z be (1/2)/(3/36*-1). Is x(z) a prime number?
False
Is 4/66 + (-214695740)/(-4620) composite?
False
Suppose 0 = 3*a - 2*w - 6781, 4*a = 13*w - 12*w + 9043. Suppose -4*q - 479 + a = 2*x, -4*x = q - 442. Is q composite?
True
Let x = 464 - 458. Suppose 0*w = -x*w + 129882. Is w prime?
True
Let j(n) = 52*n**2 - 47*n + 200. Is j(-21) prime?
False
Suppose -78*p + 86*p = 2*a + 933808, -3*a = 5*p - 583630. Is p a composite number?
True
Let v(l) be the second derivative of 115*l**4/3 + 7*l**3/3 + 13*l**2/2 + 18*l. Is v(-3) prime?
True
Let n(r) = 395*r**2 - 8*r - 16. Let h be n(-5). Let x = -2904 + h. Is x a composite number?
True
Suppose -231*f + 454*f = 224*f - 5147. Is f a composite number?
False
Suppose 5*d - 3 = -2*u, -3*d + u = -3*u - 7. Let i be d/((-3)/(-12)) - -1. Let x = 74 + i. Is x prime?
True
Let u(z) = -4*z + 4*z + 2825*z**2 + 10 - 7 - 9*z. Is u(1) a composite number?
False
Let x = -784129 - -1122602. Is x a prime number?
True
Let s = 52900 - 37067. Is s composite?
True
Let l = 35604 + 61793. Is l prime?
True
Suppose 2*z + 8*n = 5*n + 23, -5*n + 13 = -3*z. Suppose -4*u - 4*j = 20, 3*u + z*j + 10 = 2*j. Is (4 + u)*(-1578)/(-8) composite?
True
Suppose 4*a + d - 6699 = 0, -4*d = a - 1332 - 354. Suppose 2806 + a = -5*c. Let o = c + 1749. Is o a prime number?
True
Suppose 5*i - 47712 = -16*i. Suppose 2*m - 9 - 1 = 0. Suppose m*g - i = -227. Is g prime?
True
Suppose -3*h = 3*f - 11688, -4*h = -f - f - 15602. Is h composite?
True
Let i be 24/((-1)/(6 - 0)). Suppose -a = -2*q - 4, 3*q - 39*a + 41*a = 1. Is (i/20)/(4/(-920)) - q prime?
True
Suppose -5*i = -u - 27179, -31*i - 10868 = -33*i + u. Is i prime?
True
Let h(f) = -3*f**3 + 15*f**2 + 23*f + 24. Let x be h(-10). Let w = -3468 - -5053. Let i = x + w. Is i prime?
True
Suppose 2*y = 3*y - 1. Let l be (-4 + (-24)/(-9))/(y/(-294)). Let o = 738 - l. Is o composite?
True
Suppose 1576*j = 1354*j + 60657726. Is j a prime number?
True
Suppose -4*t + 29312 = -6*t. Let b = -4146 - t. Suppose 5*f = 5*l + b, -8769 = -5*f + 3*l + 1747. Is f a composite number?
True
Suppose 5*z - 623827 = 47*t - 46*t, 3*z + 5*t = 374313. Is z prime?
False
Suppose 6648027 = 3081*f - 3040*f. Is f a composite number?
True
Let d(l) = 4*l - 2. Let i be d(0). Is (i + -1 - -1088) + (-5 - -1) a composite number?
True
Suppose 3*q - 2198 - 25781 = -r, -4*q - r = -37307. Suppose 4*s = -2*x + 8*s + 4634, -4*s + q = 4*x. Is x composite?
True
Suppose -u - 4*m + 3 = 0, 4*u + 4*m - 3*m - 12 = 0. Suppose -10 = -4*q + 2, u*x + 5*q = 1806. Is x prime?
False
Let p(o) be the second derivative of 0 - 28/3*o**3 - 29*o**2 + 12*o. Is p(-9) a prime number?
False
Let c(i) be the third derivative of 21*i**6/40 - 11*i**5/60 + i**4/3 - 31*i**3/6 + i**2 - 27*i. Is c(5) a composite number?
True
Let w = 89852 - 39825. Is w a composite number?
True
Suppose 2*w + 5*s = 96 - 489, 3*w = -3*s - 612. Let m(d) = 18*d**2 + 4*d + 3. Let c be m(-3). Let l = c - w. Is l a prime number?
False
Suppose -6*r + 196736 = -4*r - 5*d, -d + 295155 = 3*r. Is r a composite number?
True
Let s(l) = -20*l + 4. Let r be s(-4). Let j(i) = -23*i - 892. Let k be j(-39). Suppose c + 3*y - r = 0, k*c - 5*y = -60 + 500. Is c a composite number?
True
Let g = 68487 + 139702. Is g a prime number?
True
Let a be ((84030/(-25))/(-3))/((-2)/10). Let x be 0 + a - (2 - 4). Let k = -2619 - x. Is k prime?
False
Let r = 10 - 6. Let t be r/3*33/22. Suppose -t*s + 295 = 3*s. Is s composite?
False
Let b(h) = 4*h**2 + 3*h - 3. Let x be b(1). Suppose x = -o, z - 26 = -z + 5*o. Suppose 5509 + 170 = z*p. Is p a prime number?
False
Let z = 2517 - -2354. Is z a composite number?
False
Let y(p) = p**3 - 1. Let v(u) = 117*u**3 + 6*u**2 + 10*u + 82. Let b(r) = -v(r) - 3*y(r). Is b(-8) composite?
False
Suppose 461 = o - h - 900, -5*h = 0. Is o a prime number?
True
Suppose 2102546 + 566173 = 62*c + 559355. Is c a prime number?
False
Let a(x) = -837*x - 1799. Is a(-6) composite?
True
Let m(v) = 2*v**3 + 13*v**2 + 7*v - 2. Let x be (-690)/57 - (-4)/38. Let d be m(x). Let r = -633 - d. Is r a composite number?
True
Let c(n) = n**2 - 10*n + 29. Let l be c(7). Let s(q) = 57*q - 83. Is s(l) prime?
True
Suppose 0 = -3*d - f + 38 + 22, 100 = 5*d - 4*f. Suppose d = -5*p, -7 = 2*r + 3*p - 3. Suppose -2*x + 0*g - r*g = -402, 0 = -4*x + 2*g + 754. Is x prime?
True
Is (-91)/13*324176/(-112) a prime number?
True
Let w(k) = -8*k**2 + 15*k. Let o be w(11). Let s = o + 1886. Let n = s + -710. Is n prime?
True
Let r be (0 + -117)*(377/(-3) + -12). Suppose -5*g = 2*v - 13891, 4985 = -4*g + 3*v + r. Is g composite?
True
Let m be (-30)/9*(-12)/8. Suppose -5*k + r = -m, 3*k = k + 5*r + 25. Suppose 0*h - 3*h + w + 233 = k, w = -3*h + 241. Is h prime?
True
Let p(m) be the third derivative of 355*m**5/12 + 2*m**4/3 + 20*m**3/3 - 7*m**2 - 1. Is p(-3) composite?
True
Let l be (3 + (-68)/20)*15. Let o be (2 + l/4)/((-2)/(-4)). Is o/(4/21324) - -2 a composite number?
False
Let l be (7 + -